1*3 + 2). Suppose -4*r = -v*t - 16 + 64, -r - 28 = -3*t. What are the prime factors of t?
2
Let v = -4 + 3. Let b(q) = q**2 + 2*q + 4. Let w be b(-3). Let f = w - v. What are the prime factors of f?
2
Let q(n) = n**3 + 12*n**2 - 4*n - 18. Let y be q(-12). Suppose -v = c + 2*c - 17, 0 = 2*v + 4*c - y. List the prime factors of v.
11
Let d = 12 - 11. Let j(b) = 2*b**3 + 2*b**2 + 2*b + 1. Let w be j(-1). List the prime factors of 5 - (0 + w)/d.
2, 3
Let c(j) be the first derivative of -j**3/3 + 7*j**2/2 - 4*j + 5. What are the prime factors of c(6)?
2
Suppose 47*g - 48*g = -14. What are the prime factors of g?
2, 7
Let c(v) = -v**3 - 5*v**2 + 5*v - 1. Let s be c(-6). Let i be ((-4)/s)/((-6)/15). Suppose -17 = -3*m - i. List the prime factors of m.
5
Let i = -1 + 1. Let h = i - -1. What are the prime factors of (2 - 2) + 2/h?
2
Let d = -3 - -4. Let h be 2 - (2 - (d - -1)). Suppose p + 7 = -u - p, -2*u + h*p + 16 = 0. List the prime factors of u.
3
Suppose -d + 4*d - 12 = 0. Suppose 3*v - 99 = 3*i, d*v - 87 = -3*i - 2*i. List the prime factors of v.
2, 7
Let i = 89 + 31. List the prime factors of i.
2, 3, 5
Let x(o) = -o**2 - 13*o + 11. What are the prime factors of x(-7)?
53
Let l(h) = -25*h. Let g be (0 - -4)/(8 + -10). List the prime factors of l(g).
2, 5
Let a(n) = -12*n + 1. Let k be a(2). Let p = k + 33. What are the prime factors of p?
2, 5
Let u = -11 + 8. Let i be u - 0 - (-5 - -3). List the prime factors of -7*(i + -2 - -1).
2, 7
Suppose 5*a - 18 = 2. Let g(s) = -s**3 + 5*s**2 + 2. Let u be g(a). Suppose x = -x + u. List the prime factors of x.
3
Let m = -14 - -4. Let t = m - -26. Suppose 4*c - t = -4. List the prime factors of c.
3
What are the prime factors of 5 + -1 - 33*-9?
7, 43
Let c = 124 - 72. Suppose 0 = -2*x - 0*x + c. What are the prime factors of x?
2, 13
Let p(v) = v**2 - 9*v - 1. Let z(b) = 7 - 7 + b**2 - 10*b. Let m(j) = -3*p(j) + 2*z(j). List the prime factors of m(6).
3
Suppose -2*w + 0*w - 2 = 0. Let r be w/(-3) + 24/9. Suppose 0*v - r*v = -12. What are the prime factors of v?
2
Suppose 0 = -4*k - 3*f + 50, -2*f + 20 = 2*k + 2*f. List the prime factors of k.
2, 7
Suppose -3*g + 2*g + 5*q + 12 = 0, 5*g - q - 12 = 0. Suppose 2*f - 8 - 4 = -g*y, -2*y + 22 = 3*f. List the prime factors of f.
2, 5
Suppose 5*x - z - 132 = -0*z, 2*z = -x + 22. What are the prime factors of x?
2, 13
Let m be 0/(5 + -3 + -3). Suppose -3*l + 0 + 15 = m. What are the prime factors of l?
5
Suppose -2*h + 67 = -13. What are the prime factors of h?
2, 5
Let x = -9 - -7. Let u = x + 6. What are the prime factors of u?
2
Let l(b) = b**3 + 0*b**3 - 2*b**3 - 4 - 7*b**2. Let y be l(-6). Let q = -29 - y. What are the prime factors of q?
11
Let u(x) = -x**3 + 2*x**2 + 1. Let a be u(2). What are the prime factors of 0/a + 14 + 5?
19
Let p(f) = -16*f + 9. List the prime factors of p(-4).
73
Let s be (6/4 - 2)*-4. Let b = 7 - s. Suppose b*w + 9 - 65 = -4*c, 4 = -4*c. List the prime factors of w.
2, 3
Suppose -2*j + 4 = -4. Let v be -2 + (-22)/(-2) + 0. Let d = v + j. List the prime factors of d.
13
Let m be 6/15 - 803/(-5). Suppose 0 = -4*i + 9 - m. What are the prime factors of i/(-6) + 4/6?
7
Let b = 18 - 4. What are the prime factors of 2/(-4)*b*-1?
7
Suppose 0*t = t + 2. What are the prime factors of (-3)/6*84/t?
3, 7
Suppose -d = 4, -6*i + 4*i + 3*d = -68. List the prime factors of i.
2, 7
Let w(d) = -9*d + 39. What are the prime factors of w(-24)?
3, 5, 17
Let d = 23 - 7. Let x be (d/(-2))/(6/9). Let p = x - -20. What are the prime factors of p?
2
Suppose -5*u + 1665 + 120 = 0. List the prime factors of u.
3, 7, 17
Let p be (-24)/(-6*(-2)/(-8)). Suppose -2*q - 11 = -q - g, 4*g = 2*q + p. Let i = -5 - q. List the prime factors of i.
3
Suppose 8*v - 5*c - 65 = 3*v, 3*c - 9 = 0. What are the prime factors of v?
2
Suppose 0 = -2*r + 13 + 1. Let l(b) = -b**3 + 6*b**2 + 9*b + 6. List the prime factors of l(r).
2, 5
Suppose -4 - 6 = 2*f. Let l be (12/f)/(2/(-15)). Suppose l = -4*r + 54. List the prime factors of r.
3
Let b = 10 + -8. Suppose -b*p = -7*p. List the prime factors of (-5 + 0)*(p + -1).
5
Let j = -95 - -133. List the prime factors of j.
2, 19
Let p be 2*(-2 - 139/(-2)). Suppose 4*v = y + p, -3*y + 171 = 5*v - 2*y. List the prime factors of v.
2, 17
Suppose -7*y + 6*y + 82 = 0. What are the prime factors of y?
2, 41
Suppose 2*v = -4*h - 2*v + 8, 0 = -5*h - 3*v + 10. Suppose -3*u + 6 = y - h*y, -5*u + 12 = -y. What are the prime factors of y?
3
Let t be (-4)/(-2 + 3)*-4. Suppose 55 = 3*v + 2*q, 5*v + 4*q = 73 + t. List the prime factors of v.
3, 7
Suppose -4*x + 20 = 5*p, 6*p - 25 = -5*x + p. Suppose x*s - 3 = 12. List the prime factors of s.
3
Suppose o + 17 + 3 = 0. Let q be 1/(-3) - o/6. Suppose 6 = -4*h + 2*k + 38, -4*h - q*k = -22. List the prime factors of h.
7
Let k = -5 + 8. List the prime factors of k.
3
Suppose 4*f = -2*w + 2*f + 20, 0 = -3*w + 2*f + 20. Let n(i) = 4 - 6 + w*i + 4*i**2 - i**3 + i**2. List the prime factors of n(6).
2, 5
Suppose z + h = 22, -2*z - 2*h + 23 = -z. Suppose 0 = -5*s, -4*j - 4*s + z = -87. What are the prime factors of j?
3
Suppose -z = -9*z + 952. What are the prime factors of z?
7, 17
Let c = 45 - 37. What are the prime factors of c?
2
Let a be -3 + (-68)/(-2) - 0. Let r = a + -12. List the prime factors of r.
19
Let l = -15 + 29. What are the prime factors of l?
2, 7
Let m(g) = g**2 - 5*g - 7. Let t be m(7). Suppose 2*p - 1 = 9. Let w = t - p. List the prime factors of w.
2
Let i be 6*(-2)/(-4) + -2. Let w(t) = 17*t - 1. What are the prime factors of w(i)?
2
Let m = 4 + 20. What are the prime factors of m?
2, 3
Let c(j) = 18*j + 77. What are the prime factors of c(15)?
347
Let y(j) = -j**3 + j**2 - 4*j. Let a be y(3). Let v = -3 + 0. List the prime factors of a/v - -2 - 0.
2, 3
Let f be (-1 + 2 - 3) + 2. Let a = 2 + f. List the prime factors of (a/7)/(3/21).
2
Suppose 4 = 5*j - 21. List the prime factors of (-56)/(-20) - (-1)/j.
3
Let h(l) = -3*l - 2*l + 2 - l**3 + 7*l - l**2 - l. Let s be h(-2). Suppose -s*u - 12 = -6*u. What are the prime factors of u?
2, 3
Let o = 138 - 111. What are the prime factors of o?
3
Suppose 78 + 74 = 4*y. Suppose -5*p + 50 = 4*x, y = 4*p - x - 2. What are the prime factors of p?
2, 5
Let j = 17 + -10. Let s = 9 - j. Suppose s*p - 29 = 3*b, 14 = 2*p - b - 13. List the prime factors of p.
13
Let b = -63 - -97. List the prime factors of b.
2, 17
Let z(r) = -r**2 + 10*r - 9. Let i be z(7). Suppose -i = 4*v, 2*p + 3*v = v + 2. What are the prime factors of p?
2
Let d(a) = a - 4. Let s be d(6). Let j be (-2)/s + (-8)/(-4). Suppose -5*z + 40 = -5*x, -3*x + j + 24 = 4*z. What are the prime factors of z?
7
Let t be 2*(-2)/4 - -3. Suppose 0 = -t*a + 11 + 19. Suppose 3*n - 9 = -2*v, a = 4*v - 3*n - 48. List the prime factors of v.
2, 3
Let z be (-4)/(-6) - 31/(-3). Let m = -2 - -5. Suppose m*y - 2*y = z. What are the prime factors of y?
11
Suppose 9*n = 8*n + 58. What are the prime factors of n?
2, 29
Let b(u) = u**2 - 4 - 2*u - 4*u + 1. Let r be b(7). What are the prime factors of (17/2)/(2/r)?
17
Suppose -3*r + 532 = 4*g, 4*g - 4*r - 457 = 47. Let l = g - 85. What are the prime factors of l?
3, 5
Let d = 3 - -12. Let j = 48 - d. What are the prime factors of j?
3, 11
Let u(q) = -q**3 + 17*q**2 - 20*q - 29. What are the prime factors of u(15)?
11
Let c = 11 + 41. List the prime factors of c.
2, 13
Suppose -2*n + 3*a + 21 + 2 = 0, 5*a + 25 = 2*n. Let o(h) = h**2 + 3*h + 2. Let y be o(-2). Let w = n - y. What are the prime factors of w?
2, 5
Suppose 3*m - g + 20 = 0, -4*g + 30 = 10. Let d = m - -8. Suppose 3*a = -2*i + 18, -d*i + 20 = 2*i - 5*a. What are the prime factors of i?
2, 3
Let j(y) = 60*y - 46. List the prime factors of j(6).
2, 157
Suppose -3*j + 2*a + 6 = j, 5*j - 1 = -4*a. Let v(l) = 4*l - 1. Let k be v(j). Suppose -k*q = 3*c - 36, -q - 2*c + 20 = 3*c. List the prime factors of q.
2, 5
Suppose -4*r - 4 + 48 = 0. List the prime factors of r.
11
Suppose -2*z + 75 = -41. What are the prime factors of z?
2, 29
Suppose n + k - 160 = -3*n, -62 = -2*n + 4*k. Suppose 0 = 3*w - 0*w - n. List the prime factors of w.
13
Suppose -4*a + 10 = -3*n - 7, -a - 3*n - 7 = 0. What are the prime factors of (2 - -20) + 0/a?
2, 11
Let r(v) be the first derivative of -v**4/4 + 7*v**3/3 - 8*v + 1. Lis